 a prime number?
False
Is 1064153 a composite number?
False
Is 120668147 a composite number?
False
Is 2686421 prime?
False
Is 209508647 prime?
False
Is 315441779 composite?
True
Is 61105483 a composite number?
True
Is 2613313 a prime number?
True
Is 6457609 prime?
False
Is 17769863 prime?
True
Is 354533 prime?
True
Is 3833695 prime?
False
Is 18218201 prime?
False
Is 65971298 a composite number?
True
Is 64637719 composite?
False
Is 1703501 composite?
False
Is 181104487 a prime number?
False
Is 4868167 a composite number?
False
Is 196738 a composite number?
True
Is 1230571 composite?
False
Is 2045243 a composite number?
True
Is 1293133 a composite number?
False
Is 11254007 a composite number?
False
Is 86775943 a composite number?
False
Is 6441542 prime?
False
Is 5470657 prime?
False
Is 6863 prime?
True
Is 240990359 composite?
False
Is 220127513 a prime number?
True
Is 5381743 a prime number?
True
Is 194520873 a composite number?
True
Is 9473869 prime?
False
Is 23949851 prime?
True
Is 2011391 composite?
False
Is 1587639815 composite?
True
Is 388501 a prime number?
False
Is 13863 a composite number?
True
Is 1531898 a composite number?
True
Is 70620551 composite?
False
Is 20994521 composite?
True
Is 474720061 a prime number?
True
Is 3323573 a composite number?
True
Is 1497594001 prime?
True
Is 64468801 composite?
False
Is 3529909 prime?
False
Is 42288531 a composite number?
True
Is 1393001 a prime number?
False
Is 3180251 a prime number?
True
Is 706939 a composite number?
True
Is 2955805 composite?
True
Is 486286637 prime?
True
Is 34911587 a composite number?
False
Is 5288341 a prime number?
True
Is 14625662 a composite number?
True
Is 2775715 prime?
False
Is 812939 a prime number?
True
Is 534871751 a composite number?
False
Is 20377803 composite?
True
Is 354686831 a prime number?
False
Is 27235499 a prime number?
True
Is 623041 a prime number?
True
Is 706289 a composite number?
True
Is 19059647 a prime number?
True
Is 1669697 composite?
False
Is 25119397 prime?
False
Is 2369501 composite?
True
Is 729727 prime?
False
Is 33515873 a prime number?
False
Is 46484417 prime?
False
Is 15259877 composite?
True
Is 96011407 composite?
True
Is 123175249 a prime number?
True
Is 246145697 a prime number?
False
Is 6914543 composite?
False
Is 17188837 composite?
True
Is 265012301 a composite number?
False
Is 348431771 prime?
False
Is 11489113 a composite number?
False
Is 19254779 composite?
False
Is 82933757 a composite number?
False
Is 239516287 composite?
True
Is 62512693 composite?
False
Is 3428471 composite?
False
Is 1313737 a composite number?
True
Is 8023297 a composite number?
True
Is 25810529 a composite number?
False
Is 10517015 prime?
False
Is 17321774 prime?
False
Is 98133103 a composite number?
False
Is 212101 a composite number?
True
Is 916213 composite?
False
Is 1444363 a prime number?
False
Is 302163179 prime?
False
Is 18034981 prime?
False
Is 8383231 composite?
True
Is 8966807 prime?
True
Is 1098497 a prime number?
False
Is 945451 a composite number?
True
Is 812228089 a prime number?
False
Is 418542557 a prime number?
False
Is 41071 prime?
False
Is 575125223 prime?
True
Is 9255349 composite?
False
Is 3137777 a prime number?
True
Is 239952959 prime?
True
Is 118625839 a composite number?
False
Is 8466317 a composite number?
True
Is 190897 a composite number?
True
Is 68818979 composite?
True
Is 184140751 prime?
True
Is 586111 a prime number?
True
Is 61448263 prime?
True
Is 14795029 composite?
True
Is 1720707 composite?
True
Is 27489469 a composite number?
True
Is 675449 a prime number?
True
Is 415263659 a composite number?
True
Is 7117 composite?
True
Is 100359851 a composite number?
False
Is 36559181 prime?
True
Is 99474061 a prime number?
False
Is 16182457 a prime number?
True
Is 2644823 a composite number?
False
Is 6646591 a composite number?
True
Is 31753723 prime?
False
Is 29313002 a prime number?
False
Is 38614133 a prime number?
True
Is 137433773 prime?
True
Is 262052201 prime?
True
Is 23276698 a prime number?
False
Is 1798774 a composite number?
True
Is 697501 composite?
True
Is 44042707 composite?
True
Is 3266701 composite?
True
Is 3523405 a composite number?
True
Is 219915703 composite?
True
Is 608801614 a composite number?
True
Is 17221577 composite?
True
Is 388098421 prime?
False
Is 84858691 composite?
True
Is 974249 a composite number?
False
Is 4744543 prime?
True
Is 234053327 prime?
True
Is 2887541 prime?
True
Is 1081903 composite?
True
Is 6584521 a composite number?
True
Is 57569087 composite?
True
Is 298910719 composite?
False
Is 336435965 a prime number?
False
Is 36651973 a prime number?
True
Is 64565659 a composite number?
False
Is 44225147 prime?
True
Is 57466589 a prime number?
True
Is 88443793 a composite number?
True
Is 15006703 a composite number?
True
Is 2944397 prime?
True
Is 4862831 composite?
False
Is 90882773 prime?
False
Is 231317459 prime?
True
Is 1227167 composite?
False
Is 59821661 a composite number?
True
Is 289466453 prime?
True
Is 268552087 prime?
False
Is 225379849 a composite number?
False
Is 382051 a composite number?
True
Is 87567497 composite?
False
Is 452933 composite?
True
Is 140836767 prime?
False
Is 8200817 prime?
False
Is 67485541 composite?
False
Is 36767239 a composite number?
False
Is 15847087 prime?
True
Is 4935607 prime?
True
Is 638048623 prime?
True
Is 3790289 a prime number?
True
Is 26066857 prime?
False
Is 108757283 a composite number?
False
Is 337686857 prime?
False
Is 14460233 a prime number?
False
Is 16647263 composite?
True
Is 7512281 a prime number?
False
Is 998981 prime?
False
Is 2673397 a prime number?
True
Is 5479169 prime?
True
Is 7735571 composite?
True
Is 3467161 a composite number?
False
Is 277630361 a composite number?
False
Is 41540098 composite?
True
Is 7009019 a composite number?
False
Is 47629003 a prime number?
False
Is 126795893 composite?
True
Is 13757923 composite?
True
Is 29930699 a prime number?
True
Is 25732159 a prime number?
True
Is 71567057 a prime number?
False
Is 248512237 prime?
True
Is 1492967 a prime number?
False
Is 523967519 composite?
True
Is 131059139 prime?
True
Is 1002059873 a composite number?
False
Is 1006415147 a composite number?
True
Is 17798519 a prime number?
False
Is 13744103 prime?
False
Is 154444649 a prime number?
True
Is 1316087 prime?
False
Is 4692923 a prime number?
True
Is 15755219 prime?
True
Is 6250649 prime?
True
Is 182205203 composite?
True
Is 115339019 a composite number?
False
Is 4327961 prime?
False
Is 2455078 a composite number?
True
Is 141214702 prime?
False
Is 204167071 a prime number?
True
Is 65961419 composite?
False
Is 1073927 a prime number?
False
Is 42931366 composite?
True
Is 37290073 a composite number?
True
Is 125629111 composite?
True
Is 8428213 composite?
False
Is 131431 composite?
False
Is 99650645 prime?
False
Is 438118711 composite?
False
Is 1196281 a composite number?
False
Is 36271003 a composite number?
False
Is 22220245 composite?
True
Is 1255747 a prime number?
True
Is 34718903 a prime number?
False
Is 1975195 composite?
True
Is 20099819 composite?
False
Is 6675035 prime?
False
Is 13752899 a composite number?
False
Is 10666137 composite?
True
Is 4150243 a composite number?
False
Is 378869 prime?
True
Is 1207993 prime?
False
Is 108678487 composite?
False
Is 43514027 prime?
False
Is 297401 a prime number?
False
Is 57484109 a composite number?
False
Is 100916241 a composite number?
True
Is 3510851 prime?
True
Is 10657667 a composite number?
False
Is 6324457 a prime number?
False
Is 79749341 composite?
True
Is 7447993 a prime number?
False
Is 3879913 a composite number?
False
Is 2773655 prime?
False
Is 7868233 a composite number?
False
Is 8563619 prime?
True
Is 178953469 prime?
False
Is 2742721 a composite number?
False
Is 498730117 prime?
False
Is 29445413 a prime number?
True
Is 4535003 a composite number?
True
Is 392039 prime?
False
Is 5609053 a composite number?
False
Is 40196389 a composite number?
True
Is 203868143 a composite number?
False
Is 2051041 a prime number?
True
Is 930647 prime?
False
Is 187304849 prime?
True
Is 10713793 composite?
True
Is 36474749 prime?
True
Is 5704241 a prime number?
True
Is 775259 composite?
False
Is 422689 prime?
True
Is 6839 composite?
True
Is 27751999 prime?
False
Is 101346101 a